 remainder when d is divided by 20?
16
Suppose -5*d = -3*d - 14. Calculate the remainder when 16 is divided by d.
2
Suppose 8*g - 12*g = 0. Suppose g*l = l + z, -l = 3*z + 4. Suppose 13 = l*f - 53. What is the remainder when f is divided by 9?
6
Let o = 8 + -6. Suppose -56 = -2*l + o*u - 4*u, 5*l - 4*u = 95. What is the remainder when 44 is divided by l?
21
Suppose 2*x = -4*i + 62, i - 111 = -5*x - 1. Let h = x + -13. Suppose -2*n - 10 = -u - 1, -5*u + 3*n + 66 = 0. Calculate the remainder when u is divided by h.
7
Suppose 6*j + 38 = 2*z + 4*j, -2*j - 16 = -z. Calculate the remainder when 43 is divided by z.
21
Suppose 2*i = i + 95. Suppose 0 = 2*a - 7*a + i. What is the remainder when a is divided by 7?
5
Let k be 4*((-5)/4 + 0). Let b(r) = r**2 - 3*r - 1. What is the remainder when b(k) is divided by 10?
9
Suppose -w + 0*w = -4*x + 18, -4*x = 4*w - 28. Let j = -4 + 5. Suppose -j - 4 = -5*m. Calculate the remainder when w is divided by m.
0
Suppose 8*f - 3*f = -4*n + 779, 5*n - 961 = -2*f. What is the remainder when n is divided by 12?
11
Let i(l) = l**2 - 8. Let o be i(-7). Let d = 82 - o. What is the remainder when d is divided by 11?
8
What is the remainder when (-2)/(6/21 + 125/(-413)) is divided by 20?
18
Let i(b) = -b**3 + 6*b**2 + 3*b - 6. What is the remainder when 31 is divided by i(6)?
7
Let q(r) = -24*r**3 - 2*r**2 + 1. Suppose 0 = 2*i + 4*y + 20, 2*i - 3*y = 2*y + 16. Let o be i*1/(-2) + -2. Calculate the remainder when q(o) is divided by 12.
11
Let i be 0/((3 - 2)*1). Suppose i*v = -v + 2, h - 29 = 5*v. What is the remainder when h is divided by 21?
18
Let u = 26 - 22. Calculate the remainder when 14 is divided by u.
2
Suppose 3*c - 69 = -4*n, -3*c + 0*n + 4*n = -93. Let x = -35 + 113. Calculate the remainder when x is divided by c.
24
Suppose -h - 41 + 16 = -b, -75 = -3*b - 4*h. Suppose 0 = 3*x + 2*z - 13, -3*x - 5*z = -8*x + 55. What is the remainder when b is divided by x?
4
Let i(a) = -a + 19. Calculate the remainder when i(4) is divided by 8.
7
Suppose -5*w = 4*r - 206, 2*w - 241 + 29 = -4*r. What is the remainder when r is divided by 11?
10
Let o = 6 + -18. Let t = -3 - o. Calculate the remainder when 17 is divided by t.
8
Let j(w) = -w + 9. Let m be j(9). Suppose m = 4*o - 3*p - 107, 3*p + 64 = 3*o + 4*p. Calculate the remainder when o is divided by 118/10 + (-5)/(-25).
11
Let l be -1*(-9)/3 + -8. Calculate the remainder when (-88)/l + 2/5 is divided by 5.
3
Let c(b) = b**3 - b**2 - 2*b - 2. What is the remainder when c(3) is divided by 4?
2
Suppose 5*t + 2*r = -49, 2*r - 5*r + 39 = -5*t. Let f = -5 - t. Suppose 11 + 10 = 3*a. What is the remainder when a is divided by f?
3
Let i(n) = n - 4*n + 0 - 2 - 2*n. Calculate the remainder when i(-2) is divided by 3.
2
Let d(l) = -l**2 - 9*l - 8. What is the remainder when 18 is divided by d(-6)?
8
Let q = 2 + 9. Let b = 7 + q. What is the remainder when 35 is divided by b?
17
What is the remainder when 299/7 - (-6)/21 is divided by 11?
10
Let b = 5 - 0. Suppose b*a - 26 - 44 = 0. Suppose -5*c = 2*v - a, -46 = -4*v - 5*c - 18. Calculate the remainder when 19 is divided by v.
5
Let b = -3 + 3. Suppose 5*v = -r + 354, 2*r + 0*r - 8 = b. What is the remainder when v is divided by 24?
22
Let s(y) = y**2 - 11*y + 11. What is the remainder when s(11) is divided by (-5 + 1)*-1*1?
3
Let d(y) = -y**2 - 21*y - 22. What is the remainder when d(-17) is divided by 12?
10
Let u(o) be the first derivative of 2*o**2 - 3*o + 2. Let n be (-1)/(-4) + 22/8. Calculate the remainder when 17 is divided by u(n).
8
Let a = 99 - 78. Calculate the remainder when a is divided by 9.
3
Let y be (12/15)/((-1)/(-30)). Suppose -4*k + 0*k = -y. Calculate the remainder when 10 is divided by k.
4
Suppose -2*w + 16 = 2*z, 0 = -2*z - w + 2*w + 13. Suppose -3*m + 4*m - z = 0. Calculate the remainder when 26 is divided by m.
5
Suppose 3*s - 42 = -0*s. Suppose 0 = 3*c + 3*n - 12, -n + 13 = 3*c - 7. Suppose 0 = c*z - 3*z - 125. Calculate the remainder when z is divided by s.
11
Let o = -2 - -6. Suppose -5*l - 28 = -o*i, 0*i = -4*i + 2*l + 28. Let c = -21 + 40. What is the remainder when c is divided by i?
5
Suppose 4*q + 28 = 2*t + 2, 3*t = 2*q + 55. What is the remainder when t is divided by 13?
8
Suppose -25 - 5 = -6*s. What is the remainder when 9 is divided by s?
4
Let q = 18 - 7. Calculate the remainder when ((-6)/(-8))/(12/336) is divided by q.
10
Suppose 5*x - 167 + 57 = 0. Suppose 0 = d - 2*d + x. Calculate the remainder when 41 is divided by d.
19
Let n be (-140)/56*(-1 + -1). Let r be (-1)/3 - (-32)/6. Suppose 5*o - 20 = -r*z, -o - n*z = 7 + 9. Calculate the remainder when 25 is divided by o.
7
Suppose 4*w = 7*w - 108. What is the remainder when w is divided by 10?
6
Let t be ((-1)/(-2))/((-2)/4). Suppose -2*u + 30 = -3*m, 4*u - 64 + 12 = 4*m. Calculate the remainder when t/((-99)/(-51) + -2) is divided by u.
8
Let r be (-216)/15 + 4/10. Let p = r + 33. Suppose 2*m - 2 = 18. What is the remainder when p is divided by m?
9
Let t = 4 + -1. Let j(x) = x + 4. What is the remainder when t + 56/4 + 0 is divided by j(5)?
8
Suppose -35 = -10*l + 5*l. Let m(i) = i + 1 + l*i**2 - i + i**3 - 5*i + 3*i. Calculate the remainder when 28 is divided by m(-7).
13
Calculate the remainder when (-15)/(-2)*2 - 3 is divided by 84/15 - (-6)/(-10).
2
Suppose -4*n = -2*x + 40, 6*n = -3*x + n + 27. Calculate the remainder when 39 is divided by x.
11
Let r(u) = u**2 + 2*u + 1. What is the remainder when 47 is divided by r(3)?
15
Suppose -4*i = -1 - 119. Let l(k) = -k**3 - 3*k**2 - 3*k + 2. What is the remainder when l(-3) is divided by 6/((i/4)/5)?
3
Suppose 4*d - 45 = 4*o - 5*o, 30 = o + d. Calculate the remainder when 62 is divided by o.
12
Suppose -13 = -2*j + j. Suppose -8*s = -5*s - 9, 4*s - 58 = -2*c. Calculate the remainder when c is divided by j.
10
Let v = 41 - 1. Suppose 4*n - 169 = -j, 2*n = -j + 47 + v. What is the remainder when n is divided by 14?
13
Let c be (6 + -5)/((-1)/46). Let k be (-8)/(-20) - c/10. Suppose 2*r - k*l + 13 = 0, -4*l + 20 = 5*r + l. Calculate the remainder when 2 is divided by r.
0
Suppose 0 = 3*f - 4*f + 10. Let z = -125 + 197. Suppose 3*u = -u + z. Calculate the remainder when u is divided by f.
8
Suppose 0*n = 4*n - 16. Let a(w) = w - 1. Let z(y) = -1. Let f(q) = a(q) - z(q). Calculate the remainder when f(n) is divided by 2.
0
Suppose 5*n - 2*t = 262, -2*n - 2*t = -43 - 59. Calculate the remainder when n is divided by 27.
25
Calculate the remainder when (1 - (-148)/(-8))*-2 is divided by 12.
11
Let h = -12 + 7. Let z = -3 - h. Suppose 0 = -3*s + 3*b + 9, -s + 0*s = -4*b + 3. Calculate the remainder when s is divided by z.
1
Suppose -235 = -3*b - z, 2*z = -4*b - 3*z + 317. Calculate the remainder when b is divided by 20.
18
Let i(f) = f**3 + 3*f**2 - f - 1. Let o be (-12)/(-9)*(0 - -3). Suppose o*x = -3 + 11. What is the remainder when 32 is divided by i(x)?
15
Suppose p + 58 = t + 6*p, 0 = -5*t + 3*p + 206. What is the remainder when t is divided by 15?
13
Let s(a) = -a**2 - 6*a - 6. Let n be s(-4). Calculate the remainder when 14 is divided by 8 - (n - (-1 + 0)).
4
Let l(u) = -u**2 + 3*u + 4. Let n be l(4). Suppose -4*f + 68 = -n*f. Calculate the remainder when ((-100)/6)/((-1)/3) is divided by f.
16
Suppose 2*l - 59 = -5*r, -5*r + 22 = 7. Let x = 14 - 6. What is the remainder when l is divided by x?
6
What is the remainder when 1/((4*3/12)/127) is divided by 26?
23
Suppose 4 = -x + 1. Calculate the remainder when ((-286)/(-66))/((-1)/(-6)) is divided by ((-3)/2)/(x/28).
12
Let g = 2 + 5. Suppose -2*p + 2*f + g = p, -2*p - 4*f = 22. What is the remainder when 25 is divided by (p - 4/10)*-5?
4
Let m be (1/2)/((-1)/76). What is the remainder when (0 + -1)/((-8)/248) is divided by (-4)/(-10) - m/5?
7
Let k(v) = 2*v**2 - 13*v - 21. Calculate the remainder when k(-5) is divided by 24.
22
Let s = -13 + 18. Suppose -s = -2*x + 9. What is the remainder when 25 is divided by x?
4
Let y be 8*2*(-4)/(-2). Suppose -b - b = -y. Calculate the remainder when 29 is divided by b.
13
Let u be 4/(16/180) - 2. Suppose -b + 27 + u = 0. What is the remainder when b is divided by 12?
10
Let r(a) = -a**3 - 3*a**2 + 3*a - 3. Let i be r(-4). What is the remainder when 43 is divided by i + (-4)/2 + 23?
21
Suppose -6 - 3 